 3 = 4*v, 5*v = 2*a - 125 + 119. Let y(c) = 4*c**2 - c + 36. Give y(v).
36
Let l(c) = -2*c**2 - 20*c - 57. Suppose b - 16 = 48*o - 45*o, -3*b = 4*o + 43. What is l(b)?
-7
Let w(t) be the first derivative of 31*t**2/2 - 90*t - 1799. Calculate w(3).
3
Let b(d) = -d**2 - 3*d + 16. Let t be b(-6). Let n be 14/(-21)*t*6. Let j(m) = -m**3 + 7*m**2 + 8*m + 10. Determine j(n).
10
Let k(s) = s**3 + 12*s**2 + 36*s + 7. Let q = 17811 + -17818. What is k(q)?
0
Suppose 2*u + 3 - 1 = 0, -54 = -2*t + 2*u. Suppose -20*r + 18 = -t*r. Let i(s) be the first derivative of s**4/4 + s**3 - s**2 - 3*s - 1. Give i(r).
3
Suppose 0 = -6*w + 2*w. Let q(n) = n. Let u be q(w). Let h(j) = 23*j + 88. Let z(s) = -21*s - 81. Let l(r) = 10*h(r) + 11*z(r). What is l(u)?
-11
Let f(j) be the third derivative of -2/3*j**3 - 58*j**2 - 1/24*j**4 + 0 + 0*j. Give f(8).
-12
Let q(c) = c - 8. Suppose 0 = -0*x + x. Suppose -t - l = 4, -2*t + 3*l - 2 - 21 = x. Give q(t).
-15
Let c(q) = q**3 - 80*q**2 + 639*q - 18. Let o be c(9). Let k(h) = h**2 + 21*h + 53. What is k(o)?
-1
Let s(m) = -28*m**2 + 3*m - 2. Let h(x) = x**3 + 73*x**2 + 17*x + 1242. Let o be h(-73). Determine s(o).
-27
Let j be (3/(-15))/((-4)/60). Let d(u) = 18 + 45 - j*u - 54. Give d(3).
0
Let y(r) = -32*r - 12. Let g(w) = -5*w - 2. Let j(s) = 7*g(s) - y(s). Let n be -3 + (-10)/15*(-84)/(-2). Let k = -33 - n. Determine j(k).
4
Let q(c) = -3*c + 56 + 54 - 230 + 54 + 64. Suppose d = -5*k + 25, -8 = 3*k + 5*d - 45. Suppose -2*s - 20 = k*n, 4*n - 2 = -s + 5*n. Determine q(s).
4
Let l(c) = -c**3 - 2*c**2 + 4*c + 2. Suppose 5*k - 4 = 11. Suppose -3*m = -12, m = k*i - 3*m + 25. Give l(i).
-1
Suppose x - 2 = 0, -2*s - 3*x - 3 = -9. Let r(a) = s - 14 + 26 + 2*a. What is r(-8)?
-4
Let h(o) be the second derivative of 89 + 2*o - 1/3*o**4 + 1/20*o**5 - 1/3*o**3 + 2*o**2. Determine h(5).
19
Suppose -2*x + 48 = -7*x - 2*t, 5*x = -4*t - 46. Let w = x - -5. Let d(q) = 80*q + 7. Let r(m) = 37*m + 3. Let v(j) = 6*d(j) - 13*r(j). What is v(w)?
8
Let l(p) = -2*p. Let j(q) = q + 1. Let k(c) = -3*j(c) - 4*l(c). Let a be (-1)/5 + (-33)/(-15). Determine k(a).
7
Let p(i) be the third derivative of 19*i**2 - 1/3*i**4 + 0 - 1/60*i**5 + 0*i - 5/6*i**3. Calculate p(-8).
-5
Let u(n) = -103*n + 12*n**3 - 1 - n**2 - 13*n**3 + 101*n. Let a(r) = 4*r**3 + 12*r**2 + 6*r + 6. Let b(z) = -a(z) - 3*u(z). Determine b(-9).
-3
Let l(c) = -9*c**2 + 17*c - 9. Let p(d) = 53*d**2 - 102*d + 54. Let t(v) = 23*l(v) + 4*p(v). Determine t(5).
49
Let r(t) = 3*t - 16. Let k(s) = 2*s - 14. Let q = -8 - -4. Let o = -3907 + 3910. Let a(n) = o*r(n) + q*k(n). Determine a(0).
8
Let s(n) = 5*n**3 + n**2 - 9*n + 8. Let h(d) = d**3 + 160*d**2 - 50*d - 7999. Let c be h(-160). What is s(c)?
5
Suppose -4*b + 28 = 0, 32 = -176*r + 179*r + 5*b. Let f(j) = -2*j**3 + j**2 - j - 1. Calculate f(r).
3
Suppose -89*t - 22 = -91*t. Let n(h) = -2*h - 16 + t + 3*h + 9. What is n(3)?
7
Let g(j) = -j**3 - 14*j**2 - 15*j - 7. Let f = -1318 + 1305. What is g(f)?
19
Let l(m) = 7*m - 24. Let r(h) = 15*h - 49. Let j(d) = -13*l(d) + 6*r(d). Suppose 2*u + 46 = 5*q, -2*u - 2*q = 38 + 22. Let p = 37 + u. Determine j(p).
9
Let m(b) = -9*b**2 - 2*b - 2. Let l(n) = -n**3 + 39*n**2 - 34*n - 153. Let w be l(38). What is m(w)?
-9
Let i(b) be the first derivative of 3*b**4/2 - 2*b**3/3 + b + 2776. Determine i(1).
5
Let y(j) be the second derivative of -j**3/3 + 2*j**2 + 8381*j. Let d(r) = -r**3 + r**2 + r. Let g be d(-1). Let f be 0 + -3 + g - 4. Determine y(f).
16
Let v(p) = -14*p - 59. Let c = 10699 + -10703. What is v(c)?
-3
Let w(y) = y**2 - 7*y - 1. Let x(n) = n**2 + 21*n + 4. Let g(l) = l**2 + 10*l + 2. Let c(r) = -5*g(r) + 3*x(r). Let d(k) = 6*c(k) + 11*w(k). What is d(5)?
-19
Let s = -51 - -72. Suppose -18*j = -s*j + 3. Let u(a) = -34*a + 28*a + a**2 - j - 1. Give u(6).
-2
Let u = -1743 + 1746. Let q(f) = f**3 - 4*f**2 + 2*f - 6. Determine q(u).
-9
Let d = -2086 + 2079. Let l(k) = 3*k**3 - 17*k**2 + 19*k + 5. Let c(j) = j**3 - 8*j**2 + 9*j + 2. Let o(s) = 5*c(s) - 2*l(s). Give o(d).
0
Let i(k) be the third derivative of -k**4/24 + k**3/6 + 81*k**2. Let v(t) = t - 10. Let h be -27*((-5)/(-3) - 2). Let j be v(h). Give i(j).
2
Let t(j) = 2*j**2 + 2*j + 5. Let y(x) = 17*x**2 + 4*x + 52. Let w(k) = -9*t(k) + y(k). Calculate w(0).
7
Let v(q) = q**3 + q**2 + 2*q + 4. Suppose 141 = -p + 4*p. Suppose -46*l = -p*l. Suppose l = -t - 14*t - 45. Calculate v(t).
-20
Suppose -48 = 5*f - f - 4*t, f = 4*t - 24. Let i(z) = -17*z**2 + z**3 - 3*z + 22 - 1 - 17 + 2*z + 25*z**2. Calculate i(f).
12
Let x = -29 - -31. Let q(h) = -13 - 2 - x*h + 6 + h**2. Give q(7).
26
Let l = 761 + -756. Suppose 3 = 4*c - z, 2*c + 7*z + 6 = l*z. Let b(f) = 4*f - 3*f - 2*f + f**3 - 11. What is b(c)?
-11
Let d(y) = 23*y - 145. Let n = -7276 - -7282. What is d(n)?
-7
Let j be 12/18*(-9)/(-2). Let k = -427 - -429. Let x(d) = -7*d**2 + d + 24 - k*d - d**j + 0*d**2 - 31. Determine x(-7).
0
Let c(f) = 3*f**3 - 12*f**2 + 6*f - 18. Let l be (-2)/(-14)*4 - (-11)/(231/72). Give c(l).
6
Let t(d) = -7*d + 105. Let u(c) = -c**3 - 15*c**2 - 2*c - 15. Let m be u(-15). Let k be t(m). Let n(w) = 2*w - 4. Give n(k).
-4
Suppose -12 = 2*p - 8*p. Let j(i) = -7*i + 5*i**3 - 2*i**3 + p + 8*i**2 - 4*i**3. Let y be j(7). Let q(c) = -3*c + 1. Calculate q(y).
-5
Let l(q) = q**2 - 2*q - 4. Let f = -4 - -7. Let g = 4195 + -4191. Suppose 5*c = -g*v + 24, 5 = c + f*v - 2. Calculate l(c).
4
Let w be 7505/(-158) - (2/(-4) + 0). Let p(n) = -5*n - 232. What is p(w)?
3
Let r(s) = -s**3 + 24*s**2 + 21*s + 97. Suppose 82*o - 1368 = 682. Determine r(o).
-3
Let z(j) be the first derivative of -8/3*j**3 - 1/120*j**5 - 1/4*j**4 + 0*j + 9 + 0*j**2. Let v(x) be the third derivative of z(x). Calculate v(6).
-12
Let m(f) = 2*f**2 + 11*f - 8. Let v be -10 + 13/104*8. Calculate m(v).
55
Let p(s) = -3*s**2 - 2. Let t = -129 + 151. Suppose t - 54 = 16*z. Give p(z).
-14
Suppose 1 = -4*q + 2*n - 1, 5*n - 35 = -5*q. Let z(d) = 12 - 12*d**2 + 4*d**q - 11*d + 8*d**3 - 7*d**3. Give z(9).
-6
Suppose m = 2*d - 7*d - 23, -4*d - 31 = 5*m. Let c be 1 - (-2 - 1)/m. Let j(t) = -3*t + 2*t + c - 1. What is j(6)?
-7
Let x(h) = -h**2 + 16*h - 18. Let f be (-4)/10 - (-1944)/360. Let m be 69/f + ((-128)/(-8))/80. Determine x(m).
10
Let j(x) = x**3 + x**2 + 3*x - 2. Suppose 46*y + 31*y + 48*y = 250. Give j(y).
16
Let f(t) be the third derivative of t**4/8 - 22*t**3/3 + 65*t**2 + 10*t. What is f(22)?
22
Let a = 501 + -496. Suppose -6*z - a*y = -3*z - 16, -5*y = 4*z - 28. Let k(i) = -i**3 + 13*i**2 - 11*i - 11. What is k(z)?
1
Let q(f) be the first derivative of f**4 - 2*f**3/3 + f**2 - f - 1. Suppose 7*t - 135 = -8*t. Suppose -t = g - 10*g. Determine q(g).
3
Let r(z) be the third derivative of z**6/60 + 9*z**5/20 + 35*z**4/24 - 4*z**3/3 - 11997*z**2. What is r(-12)?
4
Let s(n) be the first derivative of -3/2*n**2 + 3 + 7*n. What is s(5)?
-8
Let n(y) = 7*y - 15. Let r = -2659 - -2666. Calculate n(r).
34
Suppose -j = -3*c + 52, -7*j - 16 = -c - 8*j. Let p(k) = -4 - 12 + c - 3*k. Let i(u) = -16*u + 6. Let l(t) = 6*i(t) - 33*p(t). Determine l(-4).
-9
Let q(d) = 24*d + 3. Let g(t) = -36*t - 5. Let l(r) = -5*g(r) - 8*q(r). Let n(i) = -3*i**3 + 12*i**2 - 17*i + 65. Let m be n(4). Give l(m).
37
Let u(t) = 8*t + 5 + 2 - 3 - t. Suppose 0 = -5506*h + 5508*h - 6. Give u(h).
25
Let v = -127 + 128. Let t(k) = 7*k + 1 + v + 6*k - 12*k. Give t(5).
7
Let p(m) = 3 - 112*m + 137*m - 2 + 12*m**2. Let k(u) = -7*u**2 - 12*u. Let z(g) = 5*k(g) + 3*p(g). What is z(-15)?
3
Let n(b) = -b + 2. Let s(t) be the first derivative of t**4/4 - t**3 - 5*t**2/2 - 2*t - 58. Let x be s(4). Determine n(x).
8
Let p = 4671 - 4661. Let k(m) = -m**3 + 11*m**2 - 9*m + 6. What is k(p)?
16
Let v(b) = b**3 + 5*b**2 + 6*b + 5. Let n be v(-4). Suppose 43 - 535 = -49*p - 115*p. Let x be -6 + (n - 4/((-4)/p)). Let c(d) = -d**2 - 7*d - 7. Give c(x).
-1
Let i(t) be the first derivative of -t**3/3 - 3*t**2 + 5*t + 1307. Determine i(-9).
-22
Let k(p) = -2*p**2 - 19*p + 12. Suppose 21 = -4*j - 19. Let o be k(j). Let t(v) = 3 + 0*v - 14*v + 6*v. Calculate t(o).
-13
Let n(l) be the first derivative of 7/24*l**4 - 43 + 1/3*l**3 - 12*l**2 + 0*l - 1/120*l**5. Let a(o) be the third derivative of n(o). Determine a(7).
0
Let o(q) = -3*q**3 + 17*q**2 - 12*q + 16. Let f(n) = 17*n